5. Let w be f(j). Let m(c) = 3*c**2 + c - 4. What is the units digit of m(w)?
0
Suppose -16 = 5*m - 31. Suppose -148 = -2*n - 3*f + 23, 2*f = -m*n + 269. What is the units digit of n?
3
Let l = -63 - -136. What is the tens digit of l?
7
Suppose -12 = -0*m - 3*m. Suppose 0 = -3*q + 1 + 8. Suppose -m*g + q = -1. What is the units digit of g?
1
Suppose 33*z + 1972 = 37*z. Let b = -344 + z. What is the hundreds digit of b?
1
Let j(h) = 3*h**3 - 15*h**2 - 15*h - 25. What is the units digit of j(8)?
1
Let m be 1252/16 - 2/8. Suppose -5*t + m = 2*n, -5*t + 51 + 15 = -n. What is the tens digit of t?
1
Suppose n = 4*l - 0*n - 2699, 3*n + 9 = 0. What is the units digit of l?
4
Let w be (20/16)/(2/8). Suppose z - 4 = -w. What is the tens digit of z/(-2)*(-6 - -26)?
1
Suppose 14*t + 4 = 10*t. Let a = -82 - -58. What is the tens digit of 2 + a/(t + 0)?
2
Let c(w) = w**3 - 11*w**2 + 7*w - 14. Suppose -48 = -68*o + 64*o. What is the tens digit of c(o)?
1
Let g(v) = -41*v + 4. Let l be g(-1). Let j = 108 - l. What is the units digit of j?
3
Let y(m) = -15*m**3 + 10 - 2*m**2 + 9*m - 7*m**2 - 28*m. Let h(d) = -7*d**3 - 5*d**2 - 10*d + 5. Let z(c) = 13*h(c) - 6*y(c). What is the tens digit of z(-10)?
6
Suppose -f - 32*l + 37*l = -283, -2*f + 550 = -2*l. What is the hundreds digit of f?
2
Suppose 0 = -3*u - 14 + 182. Let r = -35 - -116. Let j = r - u. What is the units digit of j?
5
What is the units digit of 17*278*((-3)/2 + 2)?
3
Let v(n) = 3 + 22*n + 5*n**2 - 21*n + 0. What is the hundreds digit of v(5)?
1
Let r(s) = -3*s**2 - 14*s - 12. Let c be r(-6). What is the tens digit of (-12)/c - 568/(-6)?
9
Let v be 12/(-4) - (-6 + -1). Suppose 4*w - v*p - 4 = 0, 3*w + 0*p = 2*p. What is the tens digit of (w - 0)*150/(-12)?
2
Let o(b) = -111*b + 111. What is the hundreds digit of o(-5)?
6
Let w(r) be the third derivative of r**4/2 + 31*r**3/6 + 15*r**2. What is the tens digit of w(4)?
7
Let v = 42 + 170. What is the tens digit of v?
1
Let b = 24 - 25. What is the units digit of 1 + (-1)/(b/27)?
8
Let o = -764 + 1879. What is the thousands digit of o?
1
Suppose n = 8*n - 133. Let v(l) = 2*l + 21. What is the tens digit of v(n)?
5
Let m = 1090 + -422. What is the hundreds digit of m?
6
Let d(w) = 26 - w - 8 - 1. What is the tens digit of d(-7)?
2
Let k be (-222)/(-27) + (-2)/9. Suppose k = 4*a, -2*a - 86 = 3*j + 2*j. What is the units digit of (-27)/j*(-184)/(-6)?
6
Let b = 36 - 35. Let q be b - (-24)/(3 + -7). What is the units digit of (2 - 17)*11/q?
3
Let d = -12 + 12. Suppose 0*p - p - 1 = d, -5*s + 629 = p. What is the hundreds digit of s?
1
Suppose n = 8*n - 1708. What is the hundreds digit of n?
2
Let t = 157 + 6. What is the units digit of t?
3
Let c = 1302 - 742. What is the tens digit of c?
6
Let o(u) = 4*u - 13. Let w be o(4). Suppose 0 = -5*a - 5, -w*c - 5*a + 4 = -0. What is the units digit of c?
3
Let p(y) be the third derivative of 221*y**4/24 - y**3/2 + 4*y**2 - y. What is the tens digit of p(1)?
1
Let g be 5/(-15) + 26/6. Suppose -8 = -g*m - 0*m. Suppose 4*n + 5*l - 53 = -0*l, m*n = -l + 31. What is the tens digit of n?
1
Let i be (107/(-3))/(4/(-12)). Let q = 211 - i. What is the units digit of q?
4
Suppose 18 = 2*m - 3*m + 4*r, 0 = -4*m + r - 57. What is the units digit of (-4)/m - (-3880)/140?
8
Let j(w) = -w + 1. Let k(p) = 42*p + 12. Let x(z) = 3*j(z) + k(z). What is the tens digit of x(3)?
3
Suppose -81*i = -152442 - 132678. What is the tens digit of i?
2
Let x be (732/10)/(1/5). Suppose 10*k = 4*k + x. What is the units digit of k?
1
Suppose 4*f = -2*m + 818, 5*m - 2415 = 3*f - 396. What is the hundreds digit of m?
4
What is the units digit of (-263060)/(-2660) + (-2)/(-19)?
9
Let q be (-17)/(-7) - (-20)/35. Suppose -q*j + 0*j + 2*s - 35 = 0, -35 = j + 4*s. Let c(l) = l**3 + 15*l**2 - 3*l + 2. What is the units digit of c(j)?
7
Let o be (111/(-6))/(1/(-12)). Let h = -36 + o. What is the tens digit of h?
8
What is the units digit of 201/(-5*3/(-35))?
9
Let x = 59 - 39. Let t(d) = d + 9. What is the units digit of t(x)?
9
Let o(z) = -3*z - 3. Let u be o(-5). Let l be (3/u)/(4/16). What is the tens digit of (-5)/l*-4 + -1?
1
Suppose 5*j = -20, -3*w + 128 = -5*j - 114. What is the tens digit of w?
7
Let c(j) be the first derivative of -j**4/4 - 7*j**3/3 - 11*j**2/2 - 4*j - 9. What is the units digit of c(-7)?
3
Suppose 12*a = -3*a + 5835. What is the units digit of a?
9
Let g be (-644)/(-14) + 1*2. Suppose 2*d - 16 = g. What is the units digit of d?
2
Let u(k) be the third derivative of -k**6/40 - k**5/15 - k**4/12 + 5*k**3/6 - k**2. What is the units digit of u(-3)?
6
Let k be (-14)/(-10) + 4/(-10). Let g(r) = 3*r**3 + r - 1. Let f be g(k). Let n(v) = -v**3 + 8*v**2 - 3*v - 4. What is the units digit of n(f)?
2
Let q(p) = -p**2 + 11*p + 5. Let d be q(5). Let z = d - 21. Let n = 26 - z. What is the tens digit of n?
1
Suppose 2*y - 8 = 2*p, 3*p = -p. Suppose 0 = -2*t + 4*u - 6*u + 126, -y*t + 4*u = -212. What is the units digit of t?
8
Suppose -4*q + 0*q - 4*l + 2744 = 0, 4*l - 698 = -q. What is the hundreds digit of q?
6
Suppose 5*a = 12 + 8. Let i be 156/9 - a/(-6). Let j = -9 + i. What is the units digit of j?
9
Suppose 8*f - 11*f = -2*k - 1058, 0 = 4*f - k - 1419. What is the units digit of f?
6
Suppose -5 = -2*p - y - 0*y, 0 = -4*p + 3*y - 5. What is the units digit of p - (-816)/14 - (-2)/(-7)?
9
Suppose 0 = -4*d - 20, 2*o + 2*d + 2*d - 636 = 0. Suppose -23*l = -21*l - o. What is the hundreds digit of l?
1
Suppose -3*a = -j + 101, 2*a + 218 = 5*j - 261. Suppose -4*b + 3*u = 4*u - j, -4*b + 4*u + 120 = 0. What is the tens digit of b?
2
Let p(r) = 20*r**2 - 7*r - 8. Let d be p(-3). Suppose 4*f - 27 - 394 = -5*t, -t = -2*f + d. What is the units digit of f?
9
Let z be (117/(-12))/((-9)/24). Let f be 1322/z + 34/221. Suppose 0 = -7*l - f + 471. What is the units digit of l?
0
Let z = 2099 - 305. What is the hundreds digit of z?
7
Suppose -2*s + z = 3*z + 454, 4*z = -5*s - 1138. What is the units digit of (-12)/10*s/3?
2
Let g = 672 - 332. What is the hundreds digit of g?
3
What is the hundreds digit of (-81070)/(-170) - -16 - 2/(-17)?
4
Suppose -5*f + 76 = o - 0*o, -5*o = 5*f - 80. Let l(n) = -18*n + f*n + 2 + 6*n**2 + 6*n**2. What is the tens digit of l(2)?
4
Let s(g) = 5*g - 6. Let c be s(2). Suppose c*u = u + 63. What is the tens digit of u?
2
Let v = 4287 + -1568. What is the hundreds digit of v?
7
Let q be 190 + (-2)/(-2 - -1 - -3). Suppose -3*t = 2*b - 139, -3*t + b = t - q. What is the tens digit of t?
4
Suppose 3*o + 216 = 3*d + 8*o, -d + 4*o = -89. What is the tens digit of d?
7
Suppose 11*r = -21*r + 20448. What is the units digit of r?
9
Suppose -5*h + h = -72. Let o be 238/(-26) - h/(-117). What is the units digit of 3 - (2 + -1)*o?
2
Suppose 2*s - 3*r = 992, -1024 = -2*s - 5*r - 0*r. What is the hundreds digit of s?
5
Suppose -9*v + 16933 = 32*v. What is the tens digit of v?
1
Suppose 0 = -5*n + 4*r + 4755, 2*n + 5*r = 7*n - 4755. What is the hundreds digit of n?
9
Let t = 21 - -74. Let v = t + -42. What is the tens digit of v?
5
Let y(s) = s**2 - 6*s + 3. Let g be y(6). Let j be g*(-4)/(-3) - 1. Suppose -2*w = j*t - 18 - 37, -4*t = -w + 11. What is the tens digit of w?
2
Suppose 0 = -5*j - 4 - 1. Let r(u) = 11*u + 302. Let w be r(-27). What is the units digit of j*45/w*-7?
3
Suppose -v - 1409 = -3*z, 42*v = -5*z + 40*v + 2341. What is the tens digit of z?
6
Suppose -2*s + 9 = -s + 2*c, -s - 3*c + 12 = 0. Let v(h) = -h**s - 3*h + 5*h**2 - 2 - 2 + 2*h**3. What is the units digit of v(-4)?
4
Let t be (148/(-5))/(2/(-5)). Suppose -2*w - 4*v + 0*v - 68 = 0, -3*w - t = -v. What is the tens digit of 248/18 - w/117?
1
Let g = 14 - 8. Let m be 2/g - (-169)/(-3). Let z = -32 - m. What is the tens digit of z?
2
Let r(d) = -195*d - 13. What is the hundreds digit of r(-17)?
3
Suppose -3*a = -6*d + d + 10, -3*d + 10 = -a. Suppose -d*b = 4 + 1. Let r(l) = -20*l + 1. What is the tens digit of r(b)?
2
Suppose -m + 8 = 3. Suppose 3*a + 2*p - 80 = 44, -m*p = 5*a - 210. Let x = a + -16. What is the tens digit of x?
2
Let l(y) be the first derivative of -3*y**4/4 - 2*y**3/3 + 3*y**2/2 - y - 3. Let z be l(-3). Let x = -37 + z. What is the tens digit of x?
1
Suppose -23*w = -0*w - 3151. What is the tens digit of w?
3
Suppose -y + 2*g + 314 = 0, -7*y + 